{"id":242,"date":"2015-12-08T22:36:22","date_gmt":"2015-12-08T22:36:22","guid":{"rendered":"http:\/\/labfiz.uwb.edu.pl\/lab\/?page_id=242"},"modified":"2016-04-27T12:26:38","modified_gmt":"2016-04-27T12:26:38","slug":"talenty-xxi-wieku-w-pracowni-labfiz","status":"publish","type":"page","link":"https:\/\/labfiz.uwb.edu.pl\/lab\/?page_id=242","title":{"rendered":"Talenty XXI wieku w pracowni Labfiz"},"content":{"rendered":"<h2>Edycja 2016<\/h2>\n<p><a href=\"http:\/\/physics.uwb.edu.pl\/wf\/?page_id=2402\" rel=\"attachment wp-att-324\"><img loading=\"lazy\" decoding=\"async\" class=\"alignnone wp-image-324 size-full\" src=\"https:\/\/labfiz.uwb.edu.pl\/lab\/wp-content\/uploads\/2015\/12\/talentyXXI.png\" alt=\"talentyXXI\" width=\"496\" height=\"100\" srcset=\"https:\/\/labfiz.uwb.edu.pl\/lab\/wp-content\/uploads\/2015\/12\/talentyXXI.png 496w, https:\/\/labfiz.uwb.edu.pl\/lab\/wp-content\/uploads\/2015\/12\/talentyXXI-300x60.png 300w\" sizes=\"auto, (max-width: 496px) 100vw, 496px\" \/><\/a><\/p>\n<h2>Edycja 2015<\/h2>\n<p>W roku 2015 Laboratorium bra\u0142o udzia\u0142 w realizacji zaj\u0119\u0107 w <a href=\"http:\/\/www.ckubialystok.pl\/index.php?option=com_content&amp;task=view&amp;id=933&amp;Itemid=297\">II edycji projektu Bia\u0142ostockie Talenty XXI wieku<\/a>. \u00a0W pracowni odbywa\u0142y si\u0119 spotkania o charakterze warsztat\u00f3w do\u015bwiadczalnych \u00a0dla uczni\u00f3w bia\u0142ostockich szk\u00f3\u0142 gimnazjalnych ( 2 grupy ) i ponadgimnazjalnych (1 grupa).<\/p>\n<p>Osobami prowadz\u0105cymi zaj\u0119cia byli Piotr Chomienia oraz Wojciech Dobrogowski.<\/p>\n<p>Podsumowanie akcji odby\u0142o si\u0119 19 pa\u017adziernika 2015 w formie <a href=\"http:\/\/www.ckubialystok.pl\/index.php?option=com_content&amp;task=view&amp;id=1121&amp;Itemid=297\">konferencji.<\/a><\/p>\n<p><a href=\"https:\/\/labfiz.uwb.edu.pl\/lab\/wp-content\/uploads\/2015\/12\/a6662f_4c0bcf24022d11740d021eb669233f96.png\"><img loading=\"lazy\" decoding=\"async\" class=\"alignnone size-full wp-image-244\" src=\"https:\/\/labfiz.uwb.edu.pl\/lab\/wp-content\/uploads\/2015\/12\/a6662f_4c0bcf24022d11740d021eb669233f96.png\" alt=\"a6662f_4c0bcf24022d11740d021eb669233f96\" width=\"100\" height=\"108\" \/><\/a><\/p>\n","protected":false},"excerpt":{"rendered":"<p>Edycja 2016 Edycja 2015 W roku 2015 Laboratorium bra\u0142o udzia\u0142 w realizacji zaj\u0119\u0107 w II edycji projektu Bia\u0142ostockie Talenty XXI wieku. \u00a0W pracowni odbywa\u0142y si\u0119 spotkania o charakterze warsztat\u00f3w do\u015bwiadczalnych \u00a0dla uczni\u00f3w bia\u0142ostockich szk\u00f3\u0142 gimnazjalnych ( 2 grupy ) i ponadgimnazjalnych (1 grupa). Osobami prowadz\u0105cymi zaj\u0119cia byli Piotr Chomienia oraz Wojciech Dobrogowski. Podsumowanie akcji odby\u0142o &hellip; <a href=\"https:\/\/labfiz.uwb.edu.pl\/lab\/?page_id=242\" class=\"more-link\">Czytaj dalej <span class=\"screen-reader-text\">Talenty XXI wieku w pracowni Labfiz<\/span> <span class=\"meta-nav\">&rarr;<\/span><\/a><\/p>\n","protected":false},"author":1,"featured_media":244,"parent":246,"menu_order":0,"comment_status":"closed","ping_status":"closed","template":"","meta":{"ngg_post_thumbnail":0,"footnotes":""},"categories":[13],"tags":[],"class_list":["post-242","page","type-page","status-publish","has-post-thumbnail","hentry","category-wydarzenia"],"yoast_head":"<!-- This site is optimized with the Yoast SEO plugin v27.5 - https:\/\/yoast.com\/product\/yoast-seo-wordpress\/ -->\n<title>Talenty XXI wieku w pracowni Labfiz - LabFiz<\/title>\n<meta name=\"robots\" content=\"index, follow, max-snippet:-1, max-image-preview:large, max-video-preview:-1\" \/>\n<link rel=\"canonical\" href=\"https:\/\/labfiz.uwb.edu.pl\/lab\/?page_id=242\" \/>\n<meta property=\"og:locale\" content=\"pl_PL\" \/>\n<meta property=\"og:type\" content=\"article\" \/>\n<meta property=\"og:title\" content=\"Talenty XXI wieku w pracowni Labfiz - LabFiz\" \/>\n<meta property=\"og:description\" content=\"Edycja 2016 Edycja 2015 W roku 2015 Laboratorium bra\u0142o udzia\u0142 w realizacji zaj\u0119\u0107 w II edycji projektu Bia\u0142ostockie Talenty XXI wieku. \u00a0W pracowni odbywa\u0142y si\u0119 spotkania o charakterze warsztat\u00f3w do\u015bwiadczalnych \u00a0dla uczni\u00f3w bia\u0142ostockich szk\u00f3\u0142 gimnazjalnych ( 2 grupy ) i ponadgimnazjalnych (1 grupa). Osobami prowadz\u0105cymi zaj\u0119cia byli Piotr Chomienia oraz Wojciech Dobrogowski. Podsumowanie akcji odby\u0142o &hellip; Czytaj dalej Talenty XXI wieku w pracowni Labfiz &rarr;\" \/>\n<meta property=\"og:url\" content=\"https:\/\/labfiz.uwb.edu.pl\/lab\/?page_id=242\" \/>\n<meta property=\"og:site_name\" content=\"LabFiz\" \/>\n<meta property=\"article:modified_time\" content=\"2016-04-27T12:26:38+00:00\" \/>\n<meta property=\"og:image\" content=\"https:\/\/labfiz.uwb.edu.pl\/lab\/wp-content\/uploads\/2015\/12\/a6662f_4c0bcf24022d11740d021eb669233f96.png\" \/>\n\t<meta property=\"og:image:width\" content=\"100\" \/>\n\t<meta property=\"og:image:height\" content=\"108\" \/>\n\t<meta property=\"og:image:type\" content=\"image\/png\" \/>\n<meta name=\"twitter:card\" content=\"summary_large_image\" \/>\n<script type=\"application\/ld+json\" class=\"yoast-schema-graph\">{\"@context\":\"https:\\\/\\\/schema.org\",\"@graph\":[{\"@type\":\"WebPage\",\"@id\":\"https:\\\/\\\/labfiz.uwb.edu.pl\\\/lab\\\/?page_id=242\",\"url\":\"https:\\\/\\\/labfiz.uwb.edu.pl\\\/lab\\\/?page_id=242\",\"name\":\"Talenty XXI wieku w pracowni Labfiz - LabFiz\",\"isPartOf\":{\"@id\":\"https:\\\/\\\/labfiz.uwb.edu.pl\\\/lab\\\/#website\"},\"primaryImageOfPage\":{\"@id\":\"https:\\\/\\\/labfiz.uwb.edu.pl\\\/lab\\\/?page_id=242#primaryimage\"},\"image\":{\"@id\":\"https:\\\/\\\/labfiz.uwb.edu.pl\\\/lab\\\/?page_id=242#primaryimage\"},\"thumbnailUrl\":\"https:\\\/\\\/labfiz.uwb.edu.pl\\\/lab\\\/wp-content\\\/uploads\\\/2015\\\/12\\\/a6662f_4c0bcf24022d11740d021eb669233f96.png\",\"datePublished\":\"2015-12-08T22:36:22+00:00\",\"dateModified\":\"2016-04-27T12:26:38+00:00\",\"breadcrumb\":{\"@id\":\"https:\\\/\\\/labfiz.uwb.edu.pl\\\/lab\\\/?page_id=242#breadcrumb\"},\"inLanguage\":\"pl-PL\",\"potentialAction\":[{\"@type\":\"ReadAction\",\"target\":[\"https:\\\/\\\/labfiz.uwb.edu.pl\\\/lab\\\/?page_id=242\"]}]},{\"@type\":\"ImageObject\",\"inLanguage\":\"pl-PL\",\"@id\":\"https:\\\/\\\/labfiz.uwb.edu.pl\\\/lab\\\/?page_id=242#primaryimage\",\"url\":\"https:\\\/\\\/labfiz.uwb.edu.pl\\\/lab\\\/wp-content\\\/uploads\\\/2015\\\/12\\\/a6662f_4c0bcf24022d11740d021eb669233f96.png\",\"contentUrl\":\"https:\\\/\\\/labfiz.uwb.edu.pl\\\/lab\\\/wp-content\\\/uploads\\\/2015\\\/12\\\/a6662f_4c0bcf24022d11740d021eb669233f96.png\",\"width\":100,\"height\":108},{\"@type\":\"BreadcrumbList\",\"@id\":\"https:\\\/\\\/labfiz.uwb.edu.pl\\\/lab\\\/?page_id=242#breadcrumb\",\"itemListElement\":[{\"@type\":\"ListItem\",\"position\":1,\"name\":\"Strona g\u0142\u00f3wna\",\"item\":\"https:\\\/\\\/labfiz.uwb.edu.pl\\\/lab\\\/?lang=pl\"},{\"@type\":\"ListItem\",\"position\":2,\"name\":\"Wydarzenia\",\"item\":\"https:\\\/\\\/labfiz.uwb.edu.pl\\\/lab\\\/?page_id=246\"},{\"@type\":\"ListItem\",\"position\":3,\"name\":\"Talenty XXI wieku w pracowni Labfiz\"}]},{\"@type\":\"WebSite\",\"@id\":\"https:\\\/\\\/labfiz.uwb.edu.pl\\\/lab\\\/#website\",\"url\":\"https:\\\/\\\/labfiz.uwb.edu.pl\\\/lab\\\/\",\"name\":\"LabFiz\",\"description\":\"Strony Regionalnego Laboratorium Do Nauczania  Przedmiot\u00f3w Przyrodniczych\",\"publisher\":{\"@id\":\"https:\\\/\\\/labfiz.uwb.edu.pl\\\/lab\\\/#organization\"},\"potentialAction\":[{\"@type\":\"SearchAction\",\"target\":{\"@type\":\"EntryPoint\",\"urlTemplate\":\"https:\\\/\\\/labfiz.uwb.edu.pl\\\/lab\\\/?s={search_term_string}\"},\"query-input\":{\"@type\":\"PropertyValueSpecification\",\"valueRequired\":true,\"valueName\":\"search_term_string\"}}],\"inLanguage\":\"pl-PL\"},{\"@type\":\"Organization\",\"@id\":\"https:\\\/\\\/labfiz.uwb.edu.pl\\\/lab\\\/#organization\",\"name\":\"LabFiz\",\"url\":\"https:\\\/\\\/labfiz.uwb.edu.pl\\\/lab\\\/\",\"logo\":{\"@type\":\"ImageObject\",\"inLanguage\":\"pl-PL\",\"@id\":\"https:\\\/\\\/labfiz.uwb.edu.pl\\\/lab\\\/#\\\/schema\\\/logo\\\/image\\\/\",\"url\":\"http:\\\/\\\/labfiz.uwb.edu.pl\\\/lab\\\/wp-content\\\/uploads\\\/2015\\\/12\\\/logo_UwB_900.jpg\",\"contentUrl\":\"http:\\\/\\\/labfiz.uwb.edu.pl\\\/lab\\\/wp-content\\\/uploads\\\/2015\\\/12\\\/logo_UwB_900.jpg\",\"width\":900,\"height\":900,\"caption\":\"LabFiz\"},\"image\":{\"@id\":\"https:\\\/\\\/labfiz.uwb.edu.pl\\\/lab\\\/#\\\/schema\\\/logo\\\/image\\\/\"}}]}<\/script>\n<!-- \/ Yoast SEO plugin. -->","yoast_head_json":{"title":"Talenty XXI wieku w pracowni Labfiz - LabFiz","robots":{"index":"index","follow":"follow","max-snippet":"max-snippet:-1","max-image-preview":"max-image-preview:large","max-video-preview":"max-video-preview:-1"},"canonical":"https:\/\/labfiz.uwb.edu.pl\/lab\/?page_id=242","og_locale":"pl_PL","og_type":"article","og_title":"Talenty XXI wieku w pracowni Labfiz - LabFiz","og_description":"Edycja 2016 Edycja 2015 W roku 2015 Laboratorium bra\u0142o udzia\u0142 w realizacji zaj\u0119\u0107 w II edycji projektu Bia\u0142ostockie Talenty XXI wieku. \u00a0W pracowni odbywa\u0142y si\u0119 spotkania o charakterze warsztat\u00f3w do\u015bwiadczalnych \u00a0dla uczni\u00f3w bia\u0142ostockich szk\u00f3\u0142 gimnazjalnych ( 2 grupy ) i ponadgimnazjalnych (1 grupa). Osobami prowadz\u0105cymi zaj\u0119cia byli Piotr Chomienia oraz Wojciech Dobrogowski. Podsumowanie akcji odby\u0142o &hellip; Czytaj dalej Talenty XXI wieku w pracowni Labfiz &rarr;","og_url":"https:\/\/labfiz.uwb.edu.pl\/lab\/?page_id=242","og_site_name":"LabFiz","article_modified_time":"2016-04-27T12:26:38+00:00","og_image":[{"width":100,"height":108,"url":"https:\/\/labfiz.uwb.edu.pl\/lab\/wp-content\/uploads\/2015\/12\/a6662f_4c0bcf24022d11740d021eb669233f96.png","type":"image\/png"}],"twitter_card":"summary_large_image","schema":{"@context":"https:\/\/schema.org","@graph":[{"@type":"WebPage","@id":"https:\/\/labfiz.uwb.edu.pl\/lab\/?page_id=242","url":"https:\/\/labfiz.uwb.edu.pl\/lab\/?page_id=242","name":"Talenty XXI wieku w pracowni Labfiz - LabFiz","isPartOf":{"@id":"https:\/\/labfiz.uwb.edu.pl\/lab\/#website"},"primaryImageOfPage":{"@id":"https:\/\/labfiz.uwb.edu.pl\/lab\/?page_id=242#primaryimage"},"image":{"@id":"https:\/\/labfiz.uwb.edu.pl\/lab\/?page_id=242#primaryimage"},"thumbnailUrl":"https:\/\/labfiz.uwb.edu.pl\/lab\/wp-content\/uploads\/2015\/12\/a6662f_4c0bcf24022d11740d021eb669233f96.png","datePublished":"2015-12-08T22:36:22+00:00","dateModified":"2016-04-27T12:26:38+00:00","breadcrumb":{"@id":"https:\/\/labfiz.uwb.edu.pl\/lab\/?page_id=242#breadcrumb"},"inLanguage":"pl-PL","potentialAction":[{"@type":"ReadAction","target":["https:\/\/labfiz.uwb.edu.pl\/lab\/?page_id=242"]}]},{"@type":"ImageObject","inLanguage":"pl-PL","@id":"https:\/\/labfiz.uwb.edu.pl\/lab\/?page_id=242#primaryimage","url":"https:\/\/labfiz.uwb.edu.pl\/lab\/wp-content\/uploads\/2015\/12\/a6662f_4c0bcf24022d11740d021eb669233f96.png","contentUrl":"https:\/\/labfiz.uwb.edu.pl\/lab\/wp-content\/uploads\/2015\/12\/a6662f_4c0bcf24022d11740d021eb669233f96.png","width":100,"height":108},{"@type":"BreadcrumbList","@id":"https:\/\/labfiz.uwb.edu.pl\/lab\/?page_id=242#breadcrumb","itemListElement":[{"@type":"ListItem","position":1,"name":"Strona g\u0142\u00f3wna","item":"https:\/\/labfiz.uwb.edu.pl\/lab\/?lang=pl"},{"@type":"ListItem","position":2,"name":"Wydarzenia","item":"https:\/\/labfiz.uwb.edu.pl\/lab\/?page_id=246"},{"@type":"ListItem","position":3,"name":"Talenty XXI wieku w pracowni Labfiz"}]},{"@type":"WebSite","@id":"https:\/\/labfiz.uwb.edu.pl\/lab\/#website","url":"https:\/\/labfiz.uwb.edu.pl\/lab\/","name":"LabFiz","description":"Strony Regionalnego Laboratorium Do Nauczania  Przedmiot\u00f3w Przyrodniczych","publisher":{"@id":"https:\/\/labfiz.uwb.edu.pl\/lab\/#organization"},"potentialAction":[{"@type":"SearchAction","target":{"@type":"EntryPoint","urlTemplate":"https:\/\/labfiz.uwb.edu.pl\/lab\/?s={search_term_string}"},"query-input":{"@type":"PropertyValueSpecification","valueRequired":true,"valueName":"search_term_string"}}],"inLanguage":"pl-PL"},{"@type":"Organization","@id":"https:\/\/labfiz.uwb.edu.pl\/lab\/#organization","name":"LabFiz","url":"https:\/\/labfiz.uwb.edu.pl\/lab\/","logo":{"@type":"ImageObject","inLanguage":"pl-PL","@id":"https:\/\/labfiz.uwb.edu.pl\/lab\/#\/schema\/logo\/image\/","url":"http:\/\/labfiz.uwb.edu.pl\/lab\/wp-content\/uploads\/2015\/12\/logo_UwB_900.jpg","contentUrl":"http:\/\/labfiz.uwb.edu.pl\/lab\/wp-content\/uploads\/2015\/12\/logo_UwB_900.jpg","width":900,"height":900,"caption":"LabFiz"},"image":{"@id":"https:\/\/labfiz.uwb.edu.pl\/lab\/#\/schema\/logo\/image\/"}}]}},"_links":{"self":[{"href":"https:\/\/labfiz.uwb.edu.pl\/lab\/index.php?rest_route=\/wp\/v2\/pages\/242","targetHints":{"allow":["GET"]}}],"collection":[{"href":"https:\/\/labfiz.uwb.edu.pl\/lab\/index.php?rest_route=\/wp\/v2\/pages"}],"about":[{"href":"https:\/\/labfiz.uwb.edu.pl\/lab\/index.php?rest_route=\/wp\/v2\/types\/page"}],"author":[{"embeddable":true,"href":"https:\/\/labfiz.uwb.edu.pl\/lab\/index.php?rest_route=\/wp\/v2\/users\/1"}],"replies":[{"embeddable":true,"href":"https:\/\/labfiz.uwb.edu.pl\/lab\/index.php?rest_route=%2Fwp%2Fv2%2Fcomments&post=242"}],"version-history":[{"count":3,"href":"https:\/\/labfiz.uwb.edu.pl\/lab\/index.php?rest_route=\/wp\/v2\/pages\/242\/revisions"}],"predecessor-version":[{"id":325,"href":"https:\/\/labfiz.uwb.edu.pl\/lab\/index.php?rest_route=\/wp\/v2\/pages\/242\/revisions\/325"}],"up":[{"embeddable":true,"href":"https:\/\/labfiz.uwb.edu.pl\/lab\/index.php?rest_route=\/wp\/v2\/pages\/246"}],"wp:featuredmedia":[{"embeddable":true,"href":"https:\/\/labfiz.uwb.edu.pl\/lab\/index.php?rest_route=\/wp\/v2\/media\/244"}],"wp:attachment":[{"href":"https:\/\/labfiz.uwb.edu.pl\/lab\/index.php?rest_route=%2Fwp%2Fv2%2Fmedia&parent=242"}],"wp:term":[{"taxonomy":"category","embeddable":true,"href":"https:\/\/labfiz.uwb.edu.pl\/lab\/index.php?rest_route=%2Fwp%2Fv2%2Fcategories&post=242"},{"taxonomy":"post_tag","embeddable":true,"href":"https:\/\/labfiz.uwb.edu.pl\/lab\/index.php?rest_route=%2Fwp%2Fv2%2Ftags&post=242"}],"curies":[{"name":"wp","href":"https:\/\/api.w.org\/{rel}","templated":true}]}}