{"id":282,"date":"2016-01-31T01:24:24","date_gmt":"2016-01-31T01:24:24","guid":{"rendered":"http:\/\/labfiz.uwb.edu.pl\/lab\/magmicroscope\/?page_id=282"},"modified":"2016-01-31T01:24:24","modified_gmt":"2016-01-31T01:24:24","slug":"zdjecie-krzywej-magnesowania-histerezy","status":"publish","type":"page","link":"http:\/\/labfiz.uwb.edu.pl\/lab\/magmicroscope\/?page_id=282&lang=pl","title":{"rendered":"Zdj\u0119cie krzywej magnesowania (histerezy)"},"content":{"rendered":"<p class=\"normal\"><b class=\"nag11\">Opis dzia\u0142ania programu steruj\u0105cego uk\u0142adem pomiarowym<\/b><br \/>\n<b class=\"nag1\"><u>Do\u015bwiadczenie 2:<\/u> Zdj\u0119cie krzywej magnesowania (histerezy)<\/b><\/p>\n<p class=\"normal\"><b class=\"normal\"><a href=\"http:\/\/labfiz.uwb.edu.pl\/exp\/domeny01\/doswiadczenie-2-opis.php?lang=pl#fizyka\">Fizyka<\/a> &#8211; <a href=\"http:\/\/labfiz.uwb.edu.pl\/exp\/domeny01\/doswiadczenie-2-opis.php?lang=pl#Program\">Programy steruj\u0105ce <\/a>&#8211; <a lang=\"\" href=\"http:\/\/labfiz.uwb.edu.pl\/exp\/domeny01\/pomiary_do_wykonania.php?lang=%27.$_GET[\">Zadania pomiarowe<\/a> &#8211; <a href=\"http:\/\/labfiz.uwb.edu.pl\/exp\/domeny01\/exp01v6.cgi\">Uruchom<\/a> &#8211; <a href=\"http:\/\/labfiz.uwb.edu.pl\/exp\/domeny01\/doswiadczenie-2-opis.php?lang=pl#Mo\">B\u0142edy<\/a><\/b><\/p>\n<p class=\"normal\"><a name=\"fizyka\"><\/a><b>Fizyka:<\/b><\/p>\n<p class=\"normal\"><a name=\"fizyka\"><\/a>Celem tego do\u015bwiadczenia jest pomiar znormalizowanej magnetyzacji pr\u00f3bki m w funkcji nat\u0119\u017cenia pola magnetycznego H przyk\u0142adanego prostopadle do powierzchni badanej warstwy. Na stronie <a lang=\"\" href=\"http:\/\/labfiz\/exp\/domeny\/uklad-pomiarowy.php?lang=%27.$_GET[\">http:\/\/labfiz\/exp\/domeny\/uklad-pomiarowy.php<\/a> przedstawiony jest uk\u0142ad pomiarowy a na stronie <a lang=\"\" href=\"http:\/\/labfiz\/exp\/domeny\/fizyka_domen_magnetycznych.php?lang=%27.$_GET[\">http:\/\/labfiz\/exp\/domeny\/fizyka_domen_magnetycznych.php<\/a> konfiguracja pola i pr\u00f3bki.<\/p>\n<p class=\"normal\">Ko\u017cystaj\u0105c z prawa Malusa mo\u017cna opisa\u0107 nat\u0119\u017cenie \u015bwiat\u0142a padaj\u0105cego na detektor wzorem:<\/p>\n<blockquote class=\"normal\"><p><b>I(H)=I<sub>0<\/sub> Cos<sup>2<\/sup>(alfa+fi<sub>sr<\/sub>(H))<\/b><\/p><\/blockquote>\n<p class=\"normal\">gdzie <b>alfa<\/b> jest k\u0105tem pomi\u0119dzy p\u0142aszczyznami g\u0142\u00f3wnymi polaryzatora 1 i polaryzatora 2, a <b>fi<sub>sr<\/sub> <\/b>&#8211; katem skr\u0119ceniia p\u0142aszczyzny polaryzacji \u015bwiat\u0142a przechodz\u0105cego przez pr\u00f3bk\u0119.<b> fi<sub>sr<\/sub><\/b> zale\u017cy od znormalizowanej magnetyzacji pr\u00f3bki <b>m(H)<\/b> zgodnie ze wzorem:<\/p>\n<blockquote class=\"normal\"><p><b>fi<sub>sr<\/sub> = fi* m(H)<\/b><\/p><\/blockquote>\n<p class=\"normal\">Zak\u0142adamy, \u017ce napi\u0119cie U rejestrowane przez edtektor liniowo zale\u017cy od nat\u0119\u017cenia padaj\u0105cego na niego \u015bwiat\u0142a. Mo\u017cna w\u00f3wczas zapisa\u0107 <b>U<\/b> w postaci:<\/p>\n<blockquote class=\"normal\"><p><b>U(H)= A+ B*m(H)<\/b><\/p><\/blockquote>\n<p class=\"normal\">parametry A iB zale\u017c\u0105 od alfa. pomiar U(H) pozwala wi\u0119c, po odpowiednim przeskalowaniu,na wyznaczenie zale\u017cno\u015bci m(H).<\/p>\n<p class=\"normal\"><a name=\"Program\"><\/a><b>Program &#8211; skrypt CGI:<\/b><\/p>\n<p class=\"normal\"><a name=\"Program\"><\/a>Program wykonuj\u0105cy pomiar w tym do\u015bwiadczeniu bazuje na wykorzystaniu technologi CGI. Dzi\u0119ki temu istnieje mo\u017cliwo\u015b\u0107 uruchomienia podprogram\u00f3w steruj\u0105cych uk\u0142adem i zbieraj\u0105cych z dane. Parametry uruchomieniowe skryptu CGi do pomiaru nat\u0119\u017cenia \u015bwiat\u0142a w funkcji po\u0142o\u017cenia polaryzatora i nat\u0119\u017cenia to:<\/p>\n<p><a name=\"Program\"><\/a><\/p>\n<ul>\n<li>Ilo\u015b\u0107 sumowa\u0144 (1 \u00f7 100 ) &#8211; Ilo\u015b\u0107 sumowa\u0144 pojedy\u0144czego pomiaru &#8211; parametr odpowiadaj\u0105cy za statystyk\u0119 pomiaru nat\u0119\u017cenia \u015bwiat\u0142a przez fotodiod\u0119, nie rzutuje na b\u0142ad pomiaru tej wielko\u015bci &#8211; warto\u015b\u0107 domy\u015blna 20<\/li>\n<li>Op\u00f3\u017anienie (10 \u00f7 200 [ms]) &#8211; Op\u00f3\u017anienie mi\u0119dzy kolejnymi pr\u00f3bkami pojedy\u0144czego pomiaru<\/li>\n<\/ul>\n<p>&nbsp;<\/p>\n<p><a name=\"Program\"><\/a><\/p>\n<p class=\"normal\">Uruchomienie pomiaru nast\u0119puje po naci\u015bni\u0119ciu przycisku &#8222;Uruchom&#8221;. Przekroczenie zakresu kt\u00f3rego\u015b z parametr\u00f3w jest sygnalizowane, a program ustawia przekroczony parametr na warto\u015b\u0107 domy\u015blna jednocze\u015bnie zg\u0142aszaj\u0105c kt\u00f3ry z parametr\u00f3w zosta\u0142 niepoprawnie wpisany. Tym samym program jest zabezpieczony przedwaniem niepoprawnych warto\u015bci. Po wykonaniu pomiaru dane s\u0105 przedstawione w postaci wykresu &#8211; pliku graficznego w formacie PNG otrzymanego jako wynik dzia\u0142ania programu Gnuplot. Zachowanie tego pliku jest mo\u017cliwe poprzez standardow\u0105 funkcj\u0119 przegl\u0105darki jak\u0105 jest &#8222;Save Image as..&#8221;, a kt\u00f3ra kryje si\u0119 pod prawym klawiszem myszy w momencie naci\u015bni\u0119cia go gdy kursor myszy znajduje sie &#8222;ponad&#8221; obrazem. Dost\u0119p do danych pomiarowych uzyskanych w do\u015bwiadczeniu jest mo\u017cliwy tak\u017ce w formie tekstowej. Pod przyciskiem &#8222;Zobacz\/Zapisz dane&#8221; kt\u00f3ry pojawia si\u0119 po wykonaniu pomiaru kryje si\u0119 nowe okienko przegl\u0105darki w kt\u00f3rym mo\u017cemy zobaczy\u0107 dane w postaci tabeli i mamy mo\u017cliwo\u015b\u0107 zapisania ich na lokalny dysk. Zamkni\u0119cie okienka z danymi odbywa si\u0119 po naci\u015bni\u0119ciu przycisku &#8222;Zamknij&#8221;. W pliku z danymi poza informacj\u0105 na temat warto\u015bci pola magnetycznego w [A\/m], odpowiadaj\u0105cemu temu k\u0105towi napi\u0119cia na fotodiodzie i b\u0142edu pomiaru napi\u0119cia kt\u00f3re umieszczone s\u0105 w kolumnach, zawarta jest te\u017c informacja na temat parametr\u00f3w pomiaru i daty jego wykonania. Opis dzia\u0142ania programu znajduje si\u0119 pod przyciskiem &#8222;Pomoc&#8221;. Polecam korzystanie z tej mozliwo\u015bci w razie niejasno\u015bci .<\/p>\n<p><a name=\"Program\"><\/a><\/p>\n<p><center><img decoding=\"async\" src=\"http:\/\/labfiz.uwb.edu.pl\/exp\/domeny01\/images\/pomiar-d2.png\" alt=\"\" \/><\/center><\/p>\n<p class=\"normal\">Wynik pomiaru <b>U<\/b> postaci wykresu nat\u0119\u017cenia \u015bwiat\u0142a w funkcji przy\u0142ozonego do pr\u00f3bki pola magnetycznego <b>H<\/b> -wynik otrzymany przy uruchomieniu programu z domy\u015blnymi ustawieniami.<\/p>\n<p><a name=\"Program\"><\/a><\/p>\n<p class=\"normal\"><a name=\"Program\"><\/a><a name=\"Sterowanie\"><\/a><b>Programy steruj\u0105ce uk\u0142adem:<\/b><\/p>\n<p class=\"normal\"><a name=\"Sterowanie\"><\/a>Po przes\u0142aniu parametr\u00f3w uruchomieniowych ze strony WWW (skryptu CGI) do podprogramu na komputerze pomiarowym nast\u0119puje wykonanie poni\u017cszego algorytmu pomiarowego:<\/p>\n<p><a name=\"Sterowanie\"><\/a><\/p>\n<ul>\n<li>Wyzerowanie po\u0142o\u017cenia polaryzatora<\/li>\n<li>Wykonanie pomiaru <b>m(H)<\/b>\n<ol>\n<li>Zmiana pola o <b>dH<\/b> (1\/256 zakresu -6000 \u00f7 6000 [A\/m] )<\/li>\n<li>Wykonanie <b>N<\/b> pomiar\u00f3w nat\u0119\u017cenia \u015bwiat\u0142a<\/li>\n<li>Powt\u00f3rzenie powy\u017cszych dw\u00f3ch operacji a\u017c do przj\u015bcia polem magnetycznym zakresu <b>0 &gt;&gt; 6000 &gt;&gt; -6000 &gt;&gt; 0<\/b> [A\/m]<\/li>\n<\/ol>\n<\/li>\n<li>Przes\u0142anie danych do serwera WWW<\/li>\n<\/ul>\n<p>&nbsp;<\/p>\n<p><a name=\"Sterowanie\"><\/a><\/p>\n<p class=\"normal\"><a name=\"Sterowanie\"><\/a>Wynik pomiaru jest zapisywany do pliku kt\u00f3ry dost\u0119pny jest programowi CGI i na podstawie kt\u00f3rego tworzony jest wykres wy\u015bwietlany p\u00f3\u017aniej w przegl\u0105darce. Na stronie po\u015bwi\u0119conej <a lang=\"\" href=\"http:\/\/labfiz.uwb.edu.pl\/exp\/domeny01\/uklad-pomiarowy.php?lang=%27.$_GET[\">opisowi uk\u0142adu<\/a> pomiarowego mo\u017cna znale\u017a\u0107 bli\u017csze informacje na temat sterowania<a lang=\"\" href=\"http:\/\/labfiz.uwb.edu.pl\/exp\/domeny01\/sterowanie-polem.php?lang=%27.$_GET[\">nat\u0119zeniem pola<\/a> magnetycznego i <a lang=\"\" href=\"http:\/\/labfiz.uwb.edu.pl\/exp\/domeny01\/pomiar-dioda.php?lang=%27.$_GET[\">pomiaru nat\u0119\u017cenia \u015bwiat\u0142a<\/a> w naszym uk\u0142adzie.<\/p>\n<p class=\"normal\"><a name=\"Mo\"><\/a><b>Objawy b\u0142ednego dzia\u0142ania uk\u0142adu pomiarowego:<\/b><\/p>\n","protected":false},"excerpt":{"rendered":"<p>Opis dzia\u0142ania programu steruj\u0105cego uk\u0142adem pomiarowym Do\u015bwiadczenie 2: Zdj\u0119cie krzywej magnesowania (histerezy) Fizyka &#8211; Programy steruj\u0105ce &#8211; Zadania pomiarowe &#8211; Uruchom &#8211; B\u0142edy Fizyka: Celem tego do\u015bwiadczenia jest pomiar znormalizowanej magnetyzacji pr\u00f3bki m w funkcji nat\u0119\u017cenia pola magnetycznego H przyk\u0142adanego prostopadle do powierzchni badanej warstwy. Na stronie http:\/\/labfiz\/exp\/domeny\/uklad-pomiarowy.php przedstawiony jest uk\u0142ad pomiarowy a na stronie [&hellip;]<\/p>\n","protected":false},"author":1,"featured_media":0,"parent":215,"menu_order":50,"comment_status":"closed","ping_status":"closed","template":"","meta":{"ngg_post_thumbnail":0,"footnotes":""},"categories":[13],"tags":[],"class_list":["post-282","page","type-page","status-publish","hentry","category-opisy","post"],"_links":{"self":[{"href":"http:\/\/labfiz.uwb.edu.pl\/lab\/magmicroscope\/index.php?rest_route=\/wp\/v2\/pages\/282","targetHints":{"allow":["GET"]}}],"collection":[{"href":"http:\/\/labfiz.uwb.edu.pl\/lab\/magmicroscope\/index.php?rest_route=\/wp\/v2\/pages"}],"about":[{"href":"http:\/\/labfiz.uwb.edu.pl\/lab\/magmicroscope\/index.php?rest_route=\/wp\/v2\/types\/page"}],"author":[{"embeddable":true,"href":"http:\/\/labfiz.uwb.edu.pl\/lab\/magmicroscope\/index.php?rest_route=\/wp\/v2\/users\/1"}],"replies":[{"embeddable":true,"href":"http:\/\/labfiz.uwb.edu.pl\/lab\/magmicroscope\/index.php?rest_route=%2Fwp%2Fv2%2Fcomments&post=282"}],"version-history":[{"count":2,"href":"http:\/\/labfiz.uwb.edu.pl\/lab\/magmicroscope\/index.php?rest_route=\/wp\/v2\/pages\/282\/revisions"}],"predecessor-version":[{"id":295,"href":"http:\/\/labfiz.uwb.edu.pl\/lab\/magmicroscope\/index.php?rest_route=\/wp\/v2\/pages\/282\/revisions\/295"}],"up":[{"embeddable":true,"href":"http:\/\/labfiz.uwb.edu.pl\/lab\/magmicroscope\/index.php?rest_route=\/wp\/v2\/pages\/215"}],"wp:attachment":[{"href":"http:\/\/labfiz.uwb.edu.pl\/lab\/magmicroscope\/index.php?rest_route=%2Fwp%2Fv2%2Fmedia&parent=282"}],"wp:term":[{"taxonomy":"category","embeddable":true,"href":"http:\/\/labfiz.uwb.edu.pl\/lab\/magmicroscope\/index.php?rest_route=%2Fwp%2Fv2%2Fcategories&post=282"},{"taxonomy":"post_tag","embeddable":true,"href":"http:\/\/labfiz.uwb.edu.pl\/lab\/magmicroscope\/index.php?rest_route=%2Fwp%2Fv2%2Ftags&post=282"}],"curies":[{"name":"wp","href":"https:\/\/api.w.org\/{rel}","templated":true}]}}