{"id":21,"date":"2019-10-18T10:29:24","date_gmt":"2019-10-18T08:29:24","guid":{"rendered":"http:\/\/labfiz.uwb.edu.pl\/lab\/and\/?page_id=21"},"modified":"2022-02-20T22:21:08","modified_gmt":"2022-02-20T21:21:08","slug":"o-mnie","status":"publish","type":"page","link":"http:\/\/labfiz.uwb.edu.pl\/lab\/and\/pl\/o-mnie\/","title":{"rendered":"O mnie"},"content":{"rendered":"<p>Urodzi\u0142em si\u0119 23 maja 1969 w Szczuczynie na <a href=\"http:\/\/www.belarus.net\/\">Bia\u0142orusi<\/a>. W roku 1986 sko\u0144czy\u0142em szko\u0142\u0119 \u015bredni\u0105 w <a href=\"http:\/\/www.telecom.grodno.by\/\">Grodnie<\/a>. W tym samym roku uko\u0144czy\u0142em r\u00f3wnie\u017c matematyczno-fizyczn\u0105 szko\u0142\u0119 zaoczn\u0105 przy Fizyczno-Technicznym Instytucie w Moskwie i dosta\u0142em si\u0119 na studia na Wydzia\u0142e Fizyki <a href=\"http:\/\/www.grsu.grodno.by\/\">Uniwersytetu w Grodnie<\/a>. Podczas studi\u00f3w na Uniwersytecie pracowa\u0142em jako laborant w Katedrze Radiofizyki i Elektroniki. Cz\u0119\u015b\u0107 mojej pracy magisterskiej pod tytu\u0142em: &#8222;Projektowanie modelu fotoelastycznego modulatora \u015bwiat\u0142a do bada\u0144 w\u0142asciwo\u015bci dichroicznych cienkich warstw magnetycznych&#8221; by\u0142a wykonana w Pracowni Fizyki Magnetyk\u00f3w w\u00f3wczas Filii Warszawskiego Uniwersytetu w Bia\u0142ymstoku. W 1993 roku sko\u0144czy\u0142em z wyr\u00f3\u017cnieniem studia na Uniwersytecie w Grodnie.<\/p>\n<p>Od ko\u0144ca 1993 roku jestem pracownikiem naukowym <a href=\"http:\/\/physics.uwb.edu.pl\/zfmag\">Zak\u0142adu Fizyki Magnetyk\u00f3w<\/a> Uniwersytetu w Bia\u0142ymstoku. W tym okresie zajmowa\u0142em si\u0119 prac\u0105 naukow\u0105 nad tematem, kt\u00f3ry sta\u0142 si\u0119 nast\u0119pnie tytu\u0142em przygotowywanej rozprawy doktorskiej: &#8222;Badanie efektu fotomagnetycznego w cienkich warstwach magnetycznych&#8221;. Obrona pracy odby\u0142a si\u0119 w <a href=\"http:\/\/www.ifpan.edu.pl\/\">Instytucie Fizyki PAN<\/a> w Warszawie 4 lutego 2000 roku. Po zako\u0144czeniu pracy doktorskiej zmieni\u0142em tematyk\u0119 naukowych zainteresowa\u0144 na badania w\u0142a\u015bciwo\u015bci magnetycznych nanostruktur ze szczeg\u00f3ln\u0105 analiz\u0105 ultracienkich warstw magnetycznych wytworzonych na pod\u0142o\u017cach schodkowych.&nbsp; Wyniki tych bada\u0144 stanowili rozpraw\u0119 habilitacyjn\u0105 pt. &#8222;Nanostruktury magnetyczne na pod\u0142o\u017cach ze z\u0142aman\u0105 symetri\u0105 translacyjn\u0105&#8221;, obrona kt\u00f3rej odby\u0142a si\u0119 w Instytucie Fizyki PAN w Warszawie 2 grudnia 2010 roku. Nast\u0119pnie moim g\u0142\u00f3wnym zainteresowaniem naukowym sta\u0142a si\u0119 tematyka ultraszybkiego magnetyzmu oraz wy\u0142\u0105cznie optyczny zapis informacji w spos\u00f3b niedyssypacyjny (zimny) w dielektrykach magnetycznych. W roku 2021 uzyska\u0142em tytu\u0142 profesora w dziedzinie nauk fizycznych.<\/p>\n<p>Moje zainteresowania naukowe dotycz\u0105 nast\u0119puj\u0105cych zagadnie\u0144: ultraszybki magnetyzm, efekty magnetooptyczne, nanomagnetyzm, magnetoplazmonika, zapis informacji.<\/p>\n<p>Opr\u00f3cz pracy naukowej r\u00f3wnie\u017c prowadz\u0119 zaj\u0119cia dydaktyczne na Wydziale Fizyki Uniwersytetu w Bia\u0142ymstoku oraz aktywnie uczestnicz\u0119 w popularyzacji nauki.<\/p>\n","protected":false},"excerpt":{"rendered":"<p>Urodzi\u0142em si\u0119 23 maja 1969 w Szczuczynie na Bia\u0142orusi. W roku 1986 sko\u0144czy\u0142em szko\u0142\u0119 \u015bredni\u0105 w Grodnie. W tym samym roku uko\u0144czy\u0142em r\u00f3wnie\u017c matematyczno-fizyczn\u0105 szko\u0142\u0119 zaoczn\u0105 przy Fizyczno-Technicznym Instytucie w Moskwie i dosta\u0142em si\u0119 na studia na Wydzia\u0142e Fizyki Uniwersytetu &hellip; <a href=\"http:\/\/labfiz.uwb.edu.pl\/lab\/and\/pl\/o-mnie\/\">Czytaj dalej <span class=\"meta-nav\">&rarr;<\/span><\/a><\/p>\n","protected":false},"author":1,"featured_media":0,"parent":0,"menu_order":0,"comment_status":"closed","ping_status":"closed","template":"","meta":{"ngg_post_thumbnail":0,"footnotes":""},"categories":[],"tags":[],"class_list":["post-21","page","type-page","status-publish","hentry"],"_links":{"self":[{"href":"http:\/\/labfiz.uwb.edu.pl\/lab\/and\/wp-json\/wp\/v2\/pages\/21","targetHints":{"allow":["GET"]}}],"collection":[{"href":"http:\/\/labfiz.uwb.edu.pl\/lab\/and\/wp-json\/wp\/v2\/pages"}],"about":[{"href":"http:\/\/labfiz.uwb.edu.pl\/lab\/and\/wp-json\/wp\/v2\/types\/page"}],"author":[{"embeddable":true,"href":"http:\/\/labfiz.uwb.edu.pl\/lab\/and\/wp-json\/wp\/v2\/users\/1"}],"replies":[{"embeddable":true,"href":"http:\/\/labfiz.uwb.edu.pl\/lab\/and\/wp-json\/wp\/v2\/comments?post=21"}],"version-history":[{"count":3,"href":"http:\/\/labfiz.uwb.edu.pl\/lab\/and\/wp-json\/wp\/v2\/pages\/21\/revisions"}],"predecessor-version":[{"id":234,"href":"http:\/\/labfiz.uwb.edu.pl\/lab\/and\/wp-json\/wp\/v2\/pages\/21\/revisions\/234"}],"wp:attachment":[{"href":"http:\/\/labfiz.uwb.edu.pl\/lab\/and\/wp-json\/wp\/v2\/media?parent=21"}],"wp:term":[{"taxonomy":"category","embeddable":true,"href":"http:\/\/labfiz.uwb.edu.pl\/lab\/and\/wp-json\/wp\/v2\/categories?post=21"},{"taxonomy":"post_tag","embeddable":true,"href":"http:\/\/labfiz.uwb.edu.pl\/lab\/and\/wp-json\/wp\/v2\/tags?post=21"}],"curies":[{"name":"wp","href":"https:\/\/api.w.org\/{rel}","templated":true}]}}